{"id":47002,"date":"2023-04-04T11:04:51","date_gmt":"2023-04-04T09:04:51","guid":{"rendered":"https:\/\/modavip.net\/?post_type=product&#038;p=47002"},"modified":"2026-04-17T21:18:58","modified_gmt":"2026-04-17T19:18:58","slug":"salopette-bby-171","status":"publish","type":"product","link":"https:\/\/modavip.net\/index.php\/prodotto\/salopette-bby-171\/","title":{"rendered":"Salopette Bby"},"content":{"rendered":"","protected":false},"excerpt":{"rendered":"<h4>Salopette bianca in gabardine e voile. Scollo a V incrociato per met\u00e0 arricciato in vita in voile l&#8217;altra met\u00e0 in pizzo oro. Spalline larghe. Passamaneria in pizzo oro in vita. Met\u00e0 gonna laterale in voile arricciata in vita. Pantalone a sigaretta. Chiusura retro con zip. Vestibilit\u00e0 regular.<\/h4>\n","protected":false},"featured_media":64375,"template":"","meta":[],"product_brand":[],"product_cat":[210,417,397,429,365,364,539,105,22,201,361,208,362],"product_tag":[137],"class_list":{"0":"post-47002","1":"product","2":"type-product","3":"status-publish","4":"has-post-thumbnail","6":"product_cat-bby","7":"product_cat-best-seller","8":"product_cat-collezione-natale","9":"product_cat-elegante","10":"product_cat-l","11":"product_cat-m","12":"product_cat-prezzi-bloccati","13":"product_cat-saldi","14":"product_cat-salopette","15":"product_cat-salopette-lunghe","16":"product_cat-tutte-le-taglie","17":"product_cat-tutti-i-brand","18":"product_cat-xs","19":"product_tag-salopette-bby","21":"first","22":"instock","23":"sale","24":"shipping-taxable","25":"purchasable","26":"product-type-variable"},"_links":{"self":[{"href":"https:\/\/modavip.net\/index.php\/wp-json\/wp\/v2\/product\/47002","targetHints":{"allow":["GET"]}}],"collection":[{"href":"https:\/\/modavip.net\/index.php\/wp-json\/wp\/v2\/product"}],"about":[{"href":"https:\/\/modavip.net\/index.php\/wp-json\/wp\/v2\/types\/product"}],"wp:featuredmedia":[{"embeddable":true,"href":"https:\/\/modavip.net\/index.php\/wp-json\/wp\/v2\/media\/64375"}],"wp:attachment":[{"href":"https:\/\/modavip.net\/index.php\/wp-json\/wp\/v2\/media?parent=47002"}],"wp:term":[{"taxonomy":"product_brand","embeddable":true,"href":"https:\/\/modavip.net\/index.php\/wp-json\/wp\/v2\/product_brand?post=47002"},{"taxonomy":"product_cat","embeddable":true,"href":"https:\/\/modavip.net\/index.php\/wp-json\/wp\/v2\/product_cat?post=47002"},{"taxonomy":"product_tag","embeddable":true,"href":"https:\/\/modavip.net\/index.php\/wp-json\/wp\/v2\/product_tag?post=47002"}],"curies":[{"name":"wp","href":"https:\/\/api.w.org\/{rel}","templated":true}]}}